{"id":265,"date":"2020-02-13T11:42:41","date_gmt":"2020-02-13T10:42:41","guid":{"rendered":"http:\/\/cborsplus.de\/HP2020\/?page_id=265"},"modified":"2020-02-13T12:08:39","modified_gmt":"2020-02-13T11:08:39","slug":"von-a-z","status":"publish","type":"page","link":"https:\/\/cborsplus.de\/HP2020\/von-a-z\/","title":{"rendered":"Von A-Z"},"content":{"rendered":"\n<style type=\"text\/css\" data-created_by=\"avia_inline_auto\" id=\"style-css-av-av_one_full-f4c26a98045946fc01b9ad09dcbe50c8\">\n.flex_column.av-av_one_full-f4c26a98045946fc01b9ad09dcbe50c8{\n-webkit-border-radius:0px 0px 0px 0px;\n-moz-border-radius:0px 0px 0px 0px;\nborder-radius:0px 0px 0px 0px;\npadding:0px 0px 0px 0px;\n}\n<\/style>\n<div  class='flex_column av-av_one_full-f4c26a98045946fc01b9ad09dcbe50c8 av_one_full  avia-builder-el-0  el_before_av_one_fourth  avia-builder-el-first  first flex_column_div av-animated-generic fade-in av-zero-column-padding  '     ><style type=\"text\/css\" data-created_by=\"avia_inline_auto\" id=\"style-css-av-av_heading-0083b95efb527c0e42e47e1da6d0d28d\">\n#top .av-special-heading.av-av_heading-0083b95efb527c0e42e47e1da6d0d28d{\npadding-bottom:10px;\n}\nbody .av-special-heading.av-av_heading-0083b95efb527c0e42e47e1da6d0d28d .av-special-heading-tag .heading-char{\nfont-size:25px;\n}\n.av-special-heading.av-av_heading-0083b95efb527c0e42e47e1da6d0d28d .av-subheading{\nfont-size:15px;\n}\n<\/style>\n<div  class='av-special-heading av-av_heading-0083b95efb527c0e42e47e1da6d0d28d av-special-heading-h1 blockquote modern-quote modern-centered  avia-builder-el-1  avia-builder-el-no-sibling '><h1 class='av-special-heading-tag'  itemprop=\"headline\"  >Wissenswertes rund um die B\u00fccherei<\/h1><div class=\"special-heading-border\"><div class=\"special-heading-inner-border\"><\/div><\/div><\/div><\/div>\n\n<style type=\"text\/css\" data-created_by=\"avia_inline_auto\" id=\"style-css-av-av_one_fourth-f4c26a98045946fc01b9ad09dcbe50c8\">\n.flex_column.av-av_one_fourth-f4c26a98045946fc01b9ad09dcbe50c8{\n-webkit-border-radius:0px 0px 0px 0px;\n-moz-border-radius:0px 0px 0px 0px;\nborder-radius:0px 0px 0px 0px;\npadding:0px 0px 0px 0px;\n}\n<\/style>\n<div  class='flex_column av-av_one_fourth-f4c26a98045946fc01b9ad09dcbe50c8 av_one_fourth  avia-builder-el-2  el_after_av_one_full  el_before_av_one_fourth  first flex_column_div av-animated-generic fade-in av-zero-column-padding  column-top-margin'     ><style type=\"text\/css\" data-created_by=\"avia_inline_auto\" id=\"style-css-av-av_font_icon-f2e18e6f87f6590ad1dbbcfd470a7f69\">\n.av_font_icon.av-av_font_icon-f2e18e6f87f6590ad1dbbcfd470a7f69 .av-icon-char{\nfont-size:20px;\nline-height:20px;\nwidth:20px;\n}\n<\/style>\n<span  class='av_font_icon av-av_font_icon-f2e18e6f87f6590ad1dbbcfd470a7f69 avia_animate_when_visible av-icon-style-border avia-icon-pos-center av-no-color avia-icon-animate'><span class='av-icon-char' aria-hidden='true' data-av_icon='\ue869' data-av_iconfont='entypo-fontello' data-avia-icon-tooltip=\"&lt;br \/&gt;\nDamit Du in der Sch\u00fclerb\u00fccherei etwas ausleihen kannst, musst Du Dich einmalig anmelden. Dazu ist es notwendig, dass Du und Deine Eltern die Nutzungsordnung unterschreibt und Du diese bei Deinem Klassenlehrer abgibst. Damit erkl\u00e4rst Du Dich einverstanden, Dich an die Regeln in der Sch\u00fclerb\u00fccherei zu halten.&lt;br \/&gt;\n\"><\/span><span class='av_icon_caption av-special-font'>Anmeldung<\/span><\/span><\/div>\n\n<style type=\"text\/css\" data-created_by=\"avia_inline_auto\" id=\"style-css-av-av_one_fourth-14ecd2fc7ff9e37d6b0dc2ca1c41c5aa\">\n.flex_column.av-av_one_fourth-14ecd2fc7ff9e37d6b0dc2ca1c41c5aa{\n-webkit-border-radius:0px 0px 0px 0px;\n-moz-border-radius:0px 0px 0px 0px;\nborder-radius:0px 0px 0px 0px;\npadding:0px 0px 0px 0px;\n}\n<\/style>\n<div  class='flex_column av-av_one_fourth-14ecd2fc7ff9e37d6b0dc2ca1c41c5aa av_one_fourth  avia-builder-el-4  el_after_av_one_fourth  el_before_av_one_fourth  flex_column_div av-animated-generic fade-in av-zero-column-padding  column-top-margin'     ><style type=\"text\/css\" data-created_by=\"avia_inline_auto\" id=\"style-css-av-av_font_icon-c5c05102a1fbd4584ad3ec713688e222\">\n.av_font_icon.av-av_font_icon-c5c05102a1fbd4584ad3ec713688e222 .av-icon-char{\nfont-size:20px;\nline-height:20px;\nwidth:20px;\n}\n<\/style>\n<span  class='av_font_icon av-av_font_icon-c5c05102a1fbd4584ad3ec713688e222 avia_animate_when_visible av-icon-style-border avia-icon-pos-center av-no-color avia-icon-animate'><span class='av-icon-char' aria-hidden='true' data-av_icon='\ue869' data-av_iconfont='entypo-fontello' data-avia-icon-tooltip=\"&lt;br \/&gt;\nFrau Endres, Frau Kamp sowie die Dienst habenden Sch\u00fclerinnen und Sch\u00fcler der Sch\u00fclerb\u00fccherei-AG sind Ansprechpartner bei Fragen und Anregungen.&lt;br \/&gt;\n\"><\/span><span class='av_icon_caption av-special-font'>Ansprechpartner<\/span><\/span><\/div>\n\n<style type=\"text\/css\" data-created_by=\"avia_inline_auto\" id=\"style-css-av-av_one_fourth-14ecd2fc7ff9e37d6b0dc2ca1c41c5aa\">\n.flex_column.av-av_one_fourth-14ecd2fc7ff9e37d6b0dc2ca1c41c5aa{\n-webkit-border-radius:0px 0px 0px 0px;\n-moz-border-radius:0px 0px 0px 0px;\nborder-radius:0px 0px 0px 0px;\npadding:0px 0px 0px 0px;\n}\n<\/style>\n<div  class='flex_column av-av_one_fourth-14ecd2fc7ff9e37d6b0dc2ca1c41c5aa av_one_fourth  avia-builder-el-6  el_after_av_one_fourth  el_before_av_one_fourth  flex_column_div av-animated-generic fade-in av-zero-column-padding  column-top-margin'     ><style type=\"text\/css\" data-created_by=\"avia_inline_auto\" id=\"style-css-av-av_font_icon-f4d8b180e6ed51e8e92309011cfd36a8\">\n.av_font_icon.av-av_font_icon-f4d8b180e6ed51e8e92309011cfd36a8 .av-icon-char{\nfont-size:20px;\nline-height:20px;\nwidth:20px;\n}\n<\/style>\n<span  class='av_font_icon av-av_font_icon-f4d8b180e6ed51e8e92309011cfd36a8 avia_animate_when_visible av-icon-style-border avia-icon-pos-center av-no-color avia-icon-animate'><span class='av-icon-char' aria-hidden='true' data-av_icon='\ue869' data-av_iconfont='entypo-fontello' data-avia-icon-tooltip=\"&lt;br \/&gt;\nDie Sch\u00fclerb\u00fccherei ist ein Ort zum ruhigen (!) Lesen und\/oder St\u00f6bern in B\u00fcchern und Zeitschriften. Daran m\u00fcssen sich alle Besucher halten. Wenn dies nicht der Fall ist, ist der Sch\u00fclerb\u00fcchereidienst dazu befugt, jede\/n st\u00f6rende\/n Sch\u00fcler\/in aus der Sch\u00fclerb\u00fccherei zu entfernen. Bei schweren Verst\u00f6\u00dfen gegen die Nutzungsordnung sowie gegen \u00fcbliche Verhaltens- und Ordnungsregeln werden weitere schulische Ma\u00dfnahmen eingeleitet.&lt;br \/&gt;\n\"><\/span><span class='av_icon_caption av-special-font'>Aufenthalt in der Sch\u00fclerb\u00fccherei<\/span><\/span><\/div>\n\n<style type=\"text\/css\" data-created_by=\"avia_inline_auto\" id=\"style-css-av-av_one_fourth-14ecd2fc7ff9e37d6b0dc2ca1c41c5aa\">\n.flex_column.av-av_one_fourth-14ecd2fc7ff9e37d6b0dc2ca1c41c5aa{\n-webkit-border-radius:0px 0px 0px 0px;\n-moz-border-radius:0px 0px 0px 0px;\nborder-radius:0px 0px 0px 0px;\npadding:0px 0px 0px 0px;\n}\n<\/style>\n<div  class='flex_column av-av_one_fourth-14ecd2fc7ff9e37d6b0dc2ca1c41c5aa av_one_fourth  avia-builder-el-8  el_after_av_one_fourth  el_before_av_one_fourth  flex_column_div av-animated-generic fade-in av-zero-column-padding  column-top-margin'     ><div id='avia-messagebox-' class='avia_message_box av_notification av-av_notification-eb1b2119989c5d8e9186526d3a320907 avia-color-red avia-size-normal avia-icon_select-yes avia-border-dashed  avia-builder-el-9  avia-builder-el-no-sibling ' ><div class=\"avia_message_box_content\"><span class='avia_message_box_icon' aria-hidden='true' data-av_icon='\ue84f' data-av_iconfont='entypo-fontello'><\/span><p>B\u00fccher sind wie Kekse!<\/p>\n<p>Einmal angefangen, kann man nicht mehr aufh\u00f6ren sie zu verschlingen!<\/p>\n<\/div><\/div><\/div>\n\n<style type=\"text\/css\" data-created_by=\"avia_inline_auto\" id=\"style-css-av-av_one_fourth-f4c26a98045946fc01b9ad09dcbe50c8\">\n.flex_column.av-av_one_fourth-f4c26a98045946fc01b9ad09dcbe50c8{\n-webkit-border-radius:0px 0px 0px 0px;\n-moz-border-radius:0px 0px 0px 0px;\nborder-radius:0px 0px 0px 0px;\npadding:0px 0px 0px 0px;\n}\n<\/style>\n<div  class='flex_column av-av_one_fourth-f4c26a98045946fc01b9ad09dcbe50c8 av_one_fourth  avia-builder-el-10  el_after_av_one_fourth  el_before_av_one_fourth  first flex_column_div av-animated-generic fade-in av-zero-column-padding  column-top-margin'     ><style type=\"text\/css\" data-created_by=\"avia_inline_auto\" id=\"style-css-av-av_font_icon-5275cfa37b303a696503ecf51b90a580\">\n.av_font_icon.av-av_font_icon-5275cfa37b303a696503ecf51b90a580 .av-icon-char{\nfont-size:20px;\nline-height:20px;\nwidth:20px;\n}\n<\/style>\n<span  class='av_font_icon av-av_font_icon-5275cfa37b303a696503ecf51b90a580 avia_animate_when_visible av-icon-style-border avia-icon-pos-center av-no-color avia-icon-animate'><span class='av-icon-char' aria-hidden='true' data-av_icon='\ue869' data-av_iconfont='entypo-fontello' data-avia-icon-tooltip=\"&lt;br \/&gt;\nIn der Sch\u00fclerb\u00fccherei kannst Du B\u00fccher und Zeitschriften und gelegentlich auch H\u00f6rspiele und DVDs kostenlos ausleihen. B\u00fccher, H\u00f6rspiele und DVDs k\u00f6nnen zwei Wochen ausgeliehen werden. Zeitschriften, die nicht aus dem aktuellen Jahr stammen, k\u00f6nnen eine Woche entliehen werden. Aktuelle Zeitschriften werden nur bis zum n\u00e4chsten \u00d6ffnungstermin der Sch\u00fclerb\u00fccherei verliehen. Du kannst die Leihfrist von Medien einmalig um zwei Wochen verl\u00e4ngern. Danach musst Du die entliehenen Medien endg\u00fcltig zur\u00fcckgeben. Die Leihfrist von Zeitschriften kann nicht verl\u00e4ngert werden.&lt;br \/&gt;\n\"><\/span><span class='av_icon_caption av-special-font'>Ausleihe und Ausleihfristen<\/span><\/span><\/div>\n\n<style type=\"text\/css\" data-created_by=\"avia_inline_auto\" id=\"style-css-av-av_one_fourth-14ecd2fc7ff9e37d6b0dc2ca1c41c5aa\">\n.flex_column.av-av_one_fourth-14ecd2fc7ff9e37d6b0dc2ca1c41c5aa{\n-webkit-border-radius:0px 0px 0px 0px;\n-moz-border-radius:0px 0px 0px 0px;\nborder-radius:0px 0px 0px 0px;\npadding:0px 0px 0px 0px;\n}\n<\/style>\n<div  class='flex_column av-av_one_fourth-14ecd2fc7ff9e37d6b0dc2ca1c41c5aa av_one_fourth  avia-builder-el-12  el_after_av_one_fourth  el_before_av_one_fourth  flex_column_div av-animated-generic fade-in av-zero-column-padding  column-top-margin'     ><div id='avia-messagebox-' class='avia_message_box av_notification av-av_notification-bc3e1b192df1b247c57ba4b19ce200eb avia-color-red avia-size-normal avia-icon_select-yes avia-border-dashed  avia-builder-el-13  avia-builder-el-no-sibling ' ><div class=\"avia_message_box_content\"><span class='avia_message_box_icon' aria-hidden='true' data-av_icon='\ue82b' data-av_iconfont='entypo-fontello'><\/span><p>Auch das schlechte Buch hat seine gute Seite: die LETZTE!<\/p>\n<\/div><\/div><\/div>\n\n<style type=\"text\/css\" data-created_by=\"avia_inline_auto\" id=\"style-css-av-av_one_fourth-14ecd2fc7ff9e37d6b0dc2ca1c41c5aa\">\n.flex_column.av-av_one_fourth-14ecd2fc7ff9e37d6b0dc2ca1c41c5aa{\n-webkit-border-radius:0px 0px 0px 0px;\n-moz-border-radius:0px 0px 0px 0px;\nborder-radius:0px 0px 0px 0px;\npadding:0px 0px 0px 0px;\n}\n<\/style>\n<div  class='flex_column av-av_one_fourth-14ecd2fc7ff9e37d6b0dc2ca1c41c5aa av_one_fourth  avia-builder-el-14  el_after_av_one_fourth  el_before_av_one_fourth  flex_column_div av-animated-generic fade-in av-zero-column-padding  column-top-margin'     ><style type=\"text\/css\" data-created_by=\"avia_inline_auto\" id=\"style-css-av-av_font_icon-afd93a6931f64abf10a50e19000b195d\">\n.av_font_icon.av-av_font_icon-afd93a6931f64abf10a50e19000b195d .av-icon-char{\nfont-size:20px;\nline-height:20px;\nwidth:20px;\n}\n<\/style>\n<span  class='av_font_icon av-av_font_icon-afd93a6931f64abf10a50e19000b195d avia_animate_when_visible av-icon-style-border avia-icon-pos-center av-no-color avia-icon-animate'><span class='av-icon-char' aria-hidden='true' data-av_icon='\ue869' data-av_iconfont='entypo-fontello' data-avia-icon-tooltip=\"&lt;br \/&gt;\nSolltest Du B\u00fccher oder andere Medien zur Anschaffung in der Sch\u00fclerb\u00fccherei vorschlagen wollen, teile dies bitte den Dienst habenden Sch\u00fclerinnen und Sch\u00fcler, Frau Endres und\/oder Frau Kamp mit.&lt;br \/&gt;\n\"><\/span><span class='av_icon_caption av-special-font'>Buchvorschl\u00e4ge<\/span><\/span><\/div>\n\n<style type=\"text\/css\" data-created_by=\"avia_inline_auto\" id=\"style-css-av-av_one_fourth-14ecd2fc7ff9e37d6b0dc2ca1c41c5aa\">\n.flex_column.av-av_one_fourth-14ecd2fc7ff9e37d6b0dc2ca1c41c5aa{\n-webkit-border-radius:0px 0px 0px 0px;\n-moz-border-radius:0px 0px 0px 0px;\nborder-radius:0px 0px 0px 0px;\npadding:0px 0px 0px 0px;\n}\n<\/style>\n<div  class='flex_column av-av_one_fourth-14ecd2fc7ff9e37d6b0dc2ca1c41c5aa av_one_fourth  avia-builder-el-16  el_after_av_one_fourth  el_before_av_one_fourth  flex_column_div av-animated-generic fade-in av-zero-column-padding  column-top-margin'     ><style type=\"text\/css\" data-created_by=\"avia_inline_auto\" id=\"style-css-av-av_font_icon-dd9fd6630e9939e5c207c675940dc5a7\">\n.av_font_icon.av-av_font_icon-dd9fd6630e9939e5c207c675940dc5a7 .av-icon-char{\nfont-size:20px;\nline-height:20px;\nwidth:20px;\n}\n<\/style>\n<span  class='av_font_icon av-av_font_icon-dd9fd6630e9939e5c207c675940dc5a7 avia_animate_when_visible av-icon-style-border avia-icon-pos-center av-no-color avia-icon-animate'><span class='av-icon-char' aria-hidden='true' data-av_icon='\ue869' data-av_iconfont='entypo-fontello' data-avia-icon-tooltip=\"&lt;br \/&gt;\nDer Verzehr von Speisen und Getr\u00e4nken ist in der Sch\u00fclerb\u00fccherei nicht erlaubt, damit unsere B\u00fccher und Zeitschriften keinen Schaden nehmen und sich die Besucher nicht durch M\u00fcll oder \u00c4hnliches gest\u00f6rt f\u00fchlen.&lt;br \/&gt;\n\"><\/span><span class='av_icon_caption av-special-font'>Essen und Trinken<\/span><\/span><\/div>\n\n<style type=\"text\/css\" data-created_by=\"avia_inline_auto\" id=\"style-css-av-av_one_fourth-f4c26a98045946fc01b9ad09dcbe50c8\">\n.flex_column.av-av_one_fourth-f4c26a98045946fc01b9ad09dcbe50c8{\n-webkit-border-radius:0px 0px 0px 0px;\n-moz-border-radius:0px 0px 0px 0px;\nborder-radius:0px 0px 0px 0px;\npadding:0px 0px 0px 0px;\n}\n<\/style>\n<div  class='flex_column av-av_one_fourth-f4c26a98045946fc01b9ad09dcbe50c8 av_one_fourth  avia-builder-el-18  el_after_av_one_fourth  el_before_av_one_fourth  first flex_column_div av-animated-generic fade-in av-zero-column-padding  column-top-margin'     ><div id='avia-messagebox-' class='avia_message_box av_notification av-av_notification-2c1ec3e3b9dfe9b14bbe42ce4baabe8c avia-color-red avia-size-normal avia-icon_select-yes avia-border-dashed  avia-builder-el-19  avia-builder-el-no-sibling ' ><div class=\"avia_message_box_content\"><span class='avia_message_box_icon' aria-hidden='true' data-av_icon='\ue83f' data-av_iconfont='entypo-fontello'><\/span><p>Lesen gef\u00e4hrdet die dummheit!<\/p>\n<\/div><\/div><\/div>\n\n<style type=\"text\/css\" data-created_by=\"avia_inline_auto\" id=\"style-css-av-av_one_fourth-14ecd2fc7ff9e37d6b0dc2ca1c41c5aa\">\n.flex_column.av-av_one_fourth-14ecd2fc7ff9e37d6b0dc2ca1c41c5aa{\n-webkit-border-radius:0px 0px 0px 0px;\n-moz-border-radius:0px 0px 0px 0px;\nborder-radius:0px 0px 0px 0px;\npadding:0px 0px 0px 0px;\n}\n<\/style>\n<div  class='flex_column av-av_one_fourth-14ecd2fc7ff9e37d6b0dc2ca1c41c5aa av_one_fourth  avia-builder-el-20  el_after_av_one_fourth  el_before_av_one_fourth  flex_column_div av-animated-generic fade-in av-zero-column-padding  column-top-margin'     ><style type=\"text\/css\" data-created_by=\"avia_inline_auto\" id=\"style-css-av-av_font_icon-f6e1df05e838ece524432fc3eec4dabc\">\n.av_font_icon.av-av_font_icon-f6e1df05e838ece524432fc3eec4dabc .av-icon-char{\nfont-size:20px;\nline-height:20px;\nwidth:20px;\n}\n<\/style>\n<span  class='av_font_icon av-av_font_icon-f6e1df05e838ece524432fc3eec4dabc avia_animate_when_visible av-icon-style-border avia-icon-pos-center av-no-color avia-icon-animate'><span class='av-icon-char' aria-hidden='true' data-av_icon='\ue869' data-av_iconfont='entypo-fontello' data-avia-icon-tooltip=\"&lt;br \/&gt;\nBei \u00dcberschreitung der Leihfrist fallen Mahngeb\u00fchren an:&lt;\/p&gt;\n&lt;p&gt;Wir berechnen 0,50 Euro pro Medium und Woche. Bei ausstehenden Geb\u00fchren ist keine weitere Ausleihe mehr m\u00f6glich. Sollte das Medium auch nach Mahnung nicht zur\u00fcckgegeben werden, muss der\/die Betroffene mit h\u00f6heren Kosten, im schlimmsten Fall mit Erstattung und schulischen Ma\u00dfnahmen rechnen.&lt;br \/&gt;\n\"><\/span><span class='av_icon_caption av-special-font'>Geb\u00fchren<\/span><\/span><\/div>\n\n<style type=\"text\/css\" data-created_by=\"avia_inline_auto\" id=\"style-css-av-av_one_fourth-14ecd2fc7ff9e37d6b0dc2ca1c41c5aa\">\n.flex_column.av-av_one_fourth-14ecd2fc7ff9e37d6b0dc2ca1c41c5aa{\n-webkit-border-radius:0px 0px 0px 0px;\n-moz-border-radius:0px 0px 0px 0px;\nborder-radius:0px 0px 0px 0px;\npadding:0px 0px 0px 0px;\n}\n<\/style>\n<div  class='flex_column av-av_one_fourth-14ecd2fc7ff9e37d6b0dc2ca1c41c5aa av_one_fourth  avia-builder-el-22  el_after_av_one_fourth  el_before_av_one_fourth  flex_column_div av-animated-generic fade-in av-zero-column-padding  column-top-margin'     ><style type=\"text\/css\" data-created_by=\"avia_inline_auto\" id=\"style-css-av-av_font_icon-77c87084e4666111fd40c481814ee168\">\n.av_font_icon.av-av_font_icon-77c87084e4666111fd40c481814ee168 .av-icon-char{\nfont-size:20px;\nline-height:20px;\nwidth:20px;\n}\n<\/style>\n<span  class='av_font_icon av-av_font_icon-77c87084e4666111fd40c481814ee168 avia_animate_when_visible av-icon-style-border avia-icon-pos-center av-no-color avia-icon-animate'><span class='av-icon-char' aria-hidden='true' data-av_icon='\ue869' data-av_iconfont='entypo-fontello' data-avia-icon-tooltip=\"&lt;br \/&gt;\n\u00dcber die Annahme von Buchgeschenken entscheiden Frau Endres und Frau Kamp.&lt;br \/&gt;\n\"><\/span><span class='av_icon_caption av-special-font'>Geschenke<\/span><\/span><\/div>\n\n<style type=\"text\/css\" data-created_by=\"avia_inline_auto\" id=\"style-css-av-av_one_fourth-14ecd2fc7ff9e37d6b0dc2ca1c41c5aa\">\n.flex_column.av-av_one_fourth-14ecd2fc7ff9e37d6b0dc2ca1c41c5aa{\n-webkit-border-radius:0px 0px 0px 0px;\n-moz-border-radius:0px 0px 0px 0px;\nborder-radius:0px 0px 0px 0px;\npadding:0px 0px 0px 0px;\n}\n<\/style>\n<div  class='flex_column av-av_one_fourth-14ecd2fc7ff9e37d6b0dc2ca1c41c5aa av_one_fourth  avia-builder-el-24  el_after_av_one_fourth  el_before_av_one_fourth  flex_column_div av-animated-generic fade-in av-zero-column-padding  column-top-margin'     ><style type=\"text\/css\" data-created_by=\"avia_inline_auto\" id=\"style-css-av-av_font_icon-dd26080c95c660b6b4a31f28bd857d20\">\n.av_font_icon.av-av_font_icon-dd26080c95c660b6b4a31f28bd857d20 .av-icon-char{\nfont-size:20px;\nline-height:20px;\nwidth:20px;\n}\n<\/style>\n<span  class='av_font_icon av-av_font_icon-dd26080c95c660b6b4a31f28bd857d20 avia_animate_when_visible av-icon-style-border avia-icon-pos-center av-no-color avia-icon-animate'><span class='av-icon-char' aria-hidden='true' data-av_icon='\ue869' data-av_iconfont='entypo-fontello' data-avia-icon-tooltip=\"&lt;br \/&gt;\nIn der Sch\u00fclerb\u00fccherei ist die Nutzung von Handys und MP3-Playern \u2013 wie auch im \u00fcbrigen Schulgeb\u00e4ude \u2013 verboten.&lt;br \/&gt;\n\"><\/span><span class='av_icon_caption av-special-font'>Handy &amp; MP3-Player<\/span><\/span><\/div>\n\n<style type=\"text\/css\" data-created_by=\"avia_inline_auto\" id=\"style-css-av-av_one_fourth-f4c26a98045946fc01b9ad09dcbe50c8\">\n.flex_column.av-av_one_fourth-f4c26a98045946fc01b9ad09dcbe50c8{\n-webkit-border-radius:0px 0px 0px 0px;\n-moz-border-radius:0px 0px 0px 0px;\nborder-radius:0px 0px 0px 0px;\npadding:0px 0px 0px 0px;\n}\n<\/style>\n<div  class='flex_column av-av_one_fourth-f4c26a98045946fc01b9ad09dcbe50c8 av_one_fourth  avia-builder-el-26  el_after_av_one_fourth  el_before_av_one_fourth  first flex_column_div av-animated-generic fade-in av-zero-column-padding  column-top-margin'     ><style type=\"text\/css\" data-created_by=\"avia_inline_auto\" id=\"style-css-av-av_font_icon-c0caaa6909c40f84f44ed34dac7ac306\">\n.av_font_icon.av-av_font_icon-c0caaa6909c40f84f44ed34dac7ac306 .av-icon-char{\nfont-size:20px;\nline-height:20px;\nwidth:20px;\n}\n<\/style>\n<span  class='av_font_icon av-av_font_icon-c0caaa6909c40f84f44ed34dac7ac306 avia_animate_when_visible av-icon-style-border avia-icon-pos-center av-no-color avia-icon-animate'><span class='av-icon-char' aria-hidden='true' data-av_icon='\ue869' data-av_iconfont='entypo-fontello' data-avia-icon-tooltip=\"&lt;br \/&gt;\nLege Deine Tasche und Deine Jacke bitte beim Eintreten in die Sch\u00fclerb\u00fccherei im Eingangsbereich ab. Dadurch wollen wir Diebstahl vorbeugen.&lt;br \/&gt;\n\"><\/span><span class='av_icon_caption av-special-font'>Kleidung\/ Taschen<\/span><\/span><\/div>\n\n<style type=\"text\/css\" data-created_by=\"avia_inline_auto\" id=\"style-css-av-av_one_fourth-14ecd2fc7ff9e37d6b0dc2ca1c41c5aa\">\n.flex_column.av-av_one_fourth-14ecd2fc7ff9e37d6b0dc2ca1c41c5aa{\n-webkit-border-radius:0px 0px 0px 0px;\n-moz-border-radius:0px 0px 0px 0px;\nborder-radius:0px 0px 0px 0px;\npadding:0px 0px 0px 0px;\n}\n<\/style>\n<div  class='flex_column av-av_one_fourth-14ecd2fc7ff9e37d6b0dc2ca1c41c5aa av_one_fourth  avia-builder-el-28  el_after_av_one_fourth  el_before_av_one_fourth  flex_column_div av-animated-generic fade-in av-zero-column-padding  column-top-margin'     ><style type=\"text\/css\" data-created_by=\"avia_inline_auto\" id=\"style-css-av-av_font_icon-61526fe8a7ae2e5090cb0362490c7451\">\n.av_font_icon.av-av_font_icon-61526fe8a7ae2e5090cb0362490c7451 .av-icon-char{\nfont-size:20px;\nline-height:20px;\nwidth:20px;\n}\n<\/style>\n<span  class='av_font_icon av-av_font_icon-61526fe8a7ae2e5090cb0362490c7451 avia_animate_when_visible av-icon-style-border avia-icon-pos-center av-no-color avia-icon-animate'><span class='av-icon-char' aria-hidden='true' data-av_icon='\ue869' data-av_iconfont='entypo-fontello' data-avia-icon-tooltip=\"&lt;br \/&gt;\nDie \u00d6ffnungszeiten der Sch\u00fclerb\u00fccherei des aktuellen Schuljahres h\u00e4ngen an der Eingangst\u00fcr zur Sch\u00fclerb\u00fccherei aus sowie an der Plakatwand im Schulfoyer aus.&lt;br \/&gt;\n\"><\/span><span class='av_icon_caption av-special-font'>\u00d6ffnungszeiten<\/span><\/span><\/div>\n\n<style type=\"text\/css\" data-created_by=\"avia_inline_auto\" id=\"style-css-av-av_one_fourth-14ecd2fc7ff9e37d6b0dc2ca1c41c5aa\">\n.flex_column.av-av_one_fourth-14ecd2fc7ff9e37d6b0dc2ca1c41c5aa{\n-webkit-border-radius:0px 0px 0px 0px;\n-moz-border-radius:0px 0px 0px 0px;\nborder-radius:0px 0px 0px 0px;\npadding:0px 0px 0px 0px;\n}\n<\/style>\n<div  class='flex_column av-av_one_fourth-14ecd2fc7ff9e37d6b0dc2ca1c41c5aa av_one_fourth  avia-builder-el-30  el_after_av_one_fourth  el_before_av_one_fourth  flex_column_div av-animated-generic fade-in av-zero-column-padding  column-top-margin'     ><style type=\"text\/css\" data-created_by=\"avia_inline_auto\" id=\"style-css-av-av_font_icon-3c6b4facaeb1c7e48ef8265f0a2af37c\">\n.av_font_icon.av-av_font_icon-3c6b4facaeb1c7e48ef8265f0a2af37c .av-icon-char{\nfont-size:20px;\nline-height:20px;\nwidth:20px;\n}\n<\/style>\n<span  class='av_font_icon av-av_font_icon-3c6b4facaeb1c7e48ef8265f0a2af37c avia_animate_when_visible av-icon-style-border avia-icon-pos-center av-no-color avia-icon-animate'><span class='av-icon-char' aria-hidden='true' data-av_icon='\ue869' data-av_iconfont='entypo-fontello' data-avia-icon-tooltip=\"&lt;br \/&gt;\nWenn Du ein Medium aus der Sch\u00fclerb\u00fccherei besch\u00e4digt, verloren oder im schlimmsten Fall entwendet hast, musst Du es ersetzen. Wenn das Medium noch im Handel erh\u00e4ltlich ist, musst Du ein neues Exemplar kaufen. Ist das Buch nicht mehr erh\u00e4ltlich, zahlst Du den Anschaffungspreis eines vergleichbaren Exemplars als Ersatz.&lt;br \/&gt;\n\"><\/span><span class='av_icon_caption av-special-font'>Verlust \/ Besch\u00e4digung\/ Diebstahl von Medien<\/span><\/span><\/div>\n\n<style type=\"text\/css\" data-created_by=\"avia_inline_auto\" id=\"style-css-av-av_one_fourth-14ecd2fc7ff9e37d6b0dc2ca1c41c5aa\">\n.flex_column.av-av_one_fourth-14ecd2fc7ff9e37d6b0dc2ca1c41c5aa{\n-webkit-border-radius:0px 0px 0px 0px;\n-moz-border-radius:0px 0px 0px 0px;\nborder-radius:0px 0px 0px 0px;\npadding:0px 0px 0px 0px;\n}\n<\/style>\n<div  class='flex_column av-av_one_fourth-14ecd2fc7ff9e37d6b0dc2ca1c41c5aa av_one_fourth  avia-builder-el-32  el_after_av_one_fourth  avia-builder-el-last  flex_column_div av-animated-generic fade-in av-zero-column-padding  column-top-margin'     ><div id='avia-messagebox-' class='avia_message_box av_notification av-av_notification-6570bcd8ad2c1bd9663d2172645b9c58 avia-color-red avia-size-normal avia-icon_select-yes avia-border-dashed  avia-builder-el-33  avia-builder-el-no-sibling ' ><div class=\"avia_message_box_content\"><span class='avia_message_box_icon' aria-hidden='true' data-av_icon='\ue837' data-av_iconfont='entypo-fontello'><\/span><p>Wer nicht an zauber und wunder glaubt, hat noch nie ein buch gelesen.<\/p>\n<\/div><\/div><\/div>\n","protected":false},"excerpt":{"rendered":"","protected":false},"author":1,"featured_media":0,"parent":0,"menu_order":0,"comment_status":"closed","ping_status":"closed","template":"","meta":{"footnotes":""},"class_list":["post-265","page","type-page","status-publish","hentry"],"_links":{"self":[{"href":"https:\/\/cborsplus.de\/HP2020\/wp-json\/wp\/v2\/pages\/265","targetHints":{"allow":["GET"]}}],"collection":[{"href":"https:\/\/cborsplus.de\/HP2020\/wp-json\/wp\/v2\/pages"}],"about":[{"href":"https:\/\/cborsplus.de\/HP2020\/wp-json\/wp\/v2\/types\/page"}],"author":[{"embeddable":true,"href":"https:\/\/cborsplus.de\/HP2020\/wp-json\/wp\/v2\/users\/1"}],"replies":[{"embeddable":true,"href":"https:\/\/cborsplus.de\/HP2020\/wp-json\/wp\/v2\/comments?post=265"}],"version-history":[{"count":35,"href":"https:\/\/cborsplus.de\/HP2020\/wp-json\/wp\/v2\/pages\/265\/revisions"}],"predecessor-version":[{"id":2683,"href":"https:\/\/cborsplus.de\/HP2020\/wp-json\/wp\/v2\/pages\/265\/revisions\/2683"}],"wp:attachment":[{"href":"https:\/\/cborsplus.de\/HP2020\/wp-json\/wp\/v2\/media?parent=265"}],"curies":[{"name":"wp","href":"https:\/\/api.w.org\/{rel}","templated":true}]}}