{"id":1789,"date":"2022-03-14T08:06:52","date_gmt":"2022-03-14T07:06:52","guid":{"rendered":"http:\/\/cborsplus.de\/HP2020\/?page_id=1789"},"modified":"2025-08-25T17:54:46","modified_gmt":"2025-08-25T15:54:46","slug":"foerderverein","status":"publish","type":"page","link":"https:\/\/cborsplus.de\/HP2020\/foerderverein\/","title":{"rendered":"F\u00f6rderverein"},"content":{"rendered":"\n<style type=\"text\/css\" data-created_by=\"avia_inline_auto\" id=\"style-css-av-pr1nzx-d8bfeb30bb8d0f2e324276a47802a440\">\n.flex_column.av-pr1nzx-d8bfeb30bb8d0f2e324276a47802a440{\n-webkit-border-radius:0px 0px 0px 0px;\n-moz-border-radius:0px 0px 0px 0px;\nborder-radius:0px 0px 0px 0px;\npadding:0px 0px 0px 0px;\n}\n<\/style>\n<div  class='flex_column av-pr1nzx-d8bfeb30bb8d0f2e324276a47802a440 av_one_full  avia-builder-el-0  el_before_av_two_fifth  avia-builder-el-first  first flex_column_div av-zero-column-padding  '     ><style type=\"text\/css\" data-created_by=\"avia_inline_auto\" id=\"style-css-av-ocnysd-704465655a4e3f5af45877db347a9f27\">\n#top .av-special-heading.av-ocnysd-704465655a4e3f5af45877db347a9f27{\npadding-bottom:10px;\n}\nbody .av-special-heading.av-ocnysd-704465655a4e3f5af45877db347a9f27 .av-special-heading-tag .heading-char{\nfont-size:25px;\n}\n.av-special-heading.av-ocnysd-704465655a4e3f5af45877db347a9f27 .av-subheading{\nfont-size:15px;\n}\n<\/style>\n<div  class='av-special-heading av-ocnysd-704465655a4e3f5af45877db347a9f27 av-special-heading-h3 blockquote modern-quote modern-centered  avia-builder-el-1  avia-builder-el-no-sibling '><h3 class='av-special-heading-tag'  itemprop=\"headline\"  >F\u00f6rderverein der Clemens-Brentano-\/Overberg Realschule plus<\/h3><div class=\"special-heading-border\"><div class=\"special-heading-inner-border\"><\/div><\/div><\/div><\/div>\n\n<style type=\"text\/css\" data-created_by=\"avia_inline_auto\" id=\"style-css-av-2987fx-344f8d318259d13db55851d53323bf3c\">\n.flex_column.av-2987fx-344f8d318259d13db55851d53323bf3c{\n-webkit-border-radius:0px 0px 0px 0px;\n-moz-border-radius:0px 0px 0px 0px;\nborder-radius:0px 0px 0px 0px;\npadding:0px 0px 0px 0px;\n}\n<\/style>\n<div  class='flex_column av-2987fx-344f8d318259d13db55851d53323bf3c av_two_fifth  avia-builder-el-2  el_after_av_one_full  el_before_av_three_fifth  first flex_column_div av-zero-column-padding  column-top-margin'     ><style type=\"text\/css\" data-created_by=\"avia_inline_auto\" id=\"style-css-av-l2chql-1860032dbaf4e742fa28574f43fb9ff8\">\n#top .avia-gallery.av-l2chql-1860032dbaf4e742fa28574f43fb9ff8 .avia-gallery-thumb a{\nwidth:20%;\n}\n<\/style>\n<div  class='avia-gallery av-l2chql-1860032dbaf4e742fa28574f43fb9ff8 avia_animate_when_visible  avia-builder-el-3  avia-builder-el-no-sibling  avia_lazyload av-slideshow-ui av-loop-manual-endless av-control-hidden av-navigate-arrows hover-effect av-control-hidden avia-gallery-animate avia-gallery-1'  itemprop=\"image\" itemscope=\"itemscope\" itemtype=\"https:\/\/schema.org\/ImageObject\" ><meta itemprop=\"contentURL\" content=\"https:\/\/cborsplus.de\/HP2020\/foerderverein\/\"><a class='avia-gallery-big fakeLightbox lightbox avia-gallery-big-crop-thumb ' href=\"https:\/\/cborsplus.de\/HP2020\/wp-content\/uploads\/2025\/04\/1000068524-1030x773.jpg\" data-srcset=\"https:\/\/cborsplus.de\/HP2020\/wp-content\/uploads\/2025\/04\/1000068524-1030x773.jpg 1030w, https:\/\/cborsplus.de\/HP2020\/wp-content\/uploads\/2025\/04\/1000068524-300x225.jpg 300w, https:\/\/cborsplus.de\/HP2020\/wp-content\/uploads\/2025\/04\/1000068524-768x576.jpg 768w, https:\/\/cborsplus.de\/HP2020\/wp-content\/uploads\/2025\/04\/1000068524-1536x1152.jpg 1536w, https:\/\/cborsplus.de\/HP2020\/wp-content\/uploads\/2025\/04\/1000068524-2048x1536.jpg 2048w, https:\/\/cborsplus.de\/HP2020\/wp-content\/uploads\/2025\/04\/1000068524-1500x1125.jpg 1500w, https:\/\/cborsplus.de\/HP2020\/wp-content\/uploads\/2025\/04\/1000068524-705x529.jpg 705w\" data-sizes=\"(max-width: 1030px) 100vw, 1030px\"  data-onclick='1' title='Der Vorstand' ><span class='avia-gallery-big-inner'  itemprop=\"thumbnailUrl\" ><img decoding=\"async\" class=\"wp-image-2738 avia-img-lazy-loading-not-2738\"  width=\"495\" height=\"400\" src=\"https:\/\/cborsplus.de\/HP2020\/wp-content\/uploads\/2025\/04\/1000068524-495x400.jpg\" title='1000068524' alt='' srcset=\"https:\/\/cborsplus.de\/HP2020\/wp-content\/uploads\/2025\/04\/1000068524-495x400.jpg 495w, https:\/\/cborsplus.de\/HP2020\/wp-content\/uploads\/2025\/04\/1000068524-845x684.jpg 845w\" sizes=\"(max-width: 495px) 100vw, 495px\" \/><span class='avia-gallery-caption'>Der Vorstand<\/span><\/span><\/a><div class='avia-gallery-thumb'><a href=\"https:\/\/cborsplus.de\/HP2020\/wp-content\/uploads\/2025\/04\/1000068524-1030x773.jpg\" data-srcset=\"https:\/\/cborsplus.de\/HP2020\/wp-content\/uploads\/2025\/04\/1000068524-1030x773.jpg 1030w, https:\/\/cborsplus.de\/HP2020\/wp-content\/uploads\/2025\/04\/1000068524-300x225.jpg 300w, https:\/\/cborsplus.de\/HP2020\/wp-content\/uploads\/2025\/04\/1000068524-768x576.jpg 768w, https:\/\/cborsplus.de\/HP2020\/wp-content\/uploads\/2025\/04\/1000068524-1536x1152.jpg 1536w, https:\/\/cborsplus.de\/HP2020\/wp-content\/uploads\/2025\/04\/1000068524-2048x1536.jpg 2048w, https:\/\/cborsplus.de\/HP2020\/wp-content\/uploads\/2025\/04\/1000068524-1500x1125.jpg 1500w, https:\/\/cborsplus.de\/HP2020\/wp-content\/uploads\/2025\/04\/1000068524-705x529.jpg 705w\" data-sizes=\"(max-width: 1030px) 100vw, 1030px\" data-rel='gallery-1' data-prev-img='https:\/\/cborsplus.de\/HP2020\/wp-content\/uploads\/2025\/04\/1000068524-495x400.jpg' class='first_thumb lightbox ' data-onclick='1' title='Der Vorstand'  itemprop=\"thumbnailUrl\"  ><img decoding=\"async\" class=\"wp-image-2738 avia-img-lazy-loading-not-2738\"  data-avia-tooltip='Der Vorstand' src=\"https:\/\/cborsplus.de\/HP2020\/wp-content\/uploads\/2025\/04\/1000068524-495x400.jpg\" width=\"495\" height=\"400\"  title='1000068524' alt='' srcset=\"https:\/\/cborsplus.de\/HP2020\/wp-content\/uploads\/2025\/04\/1000068524-495x400.jpg 495w, https:\/\/cborsplus.de\/HP2020\/wp-content\/uploads\/2025\/04\/1000068524-845x684.jpg 845w\" sizes=\"(max-width: 495px) 100vw, 495px\" \/><div class='big-prev-fake'><img loading=\"lazy\" decoding=\"async\" class=\"wp-image-2738 avia-img-lazy-loading-2738\"  width=\"495\" height=\"400\" src=\"https:\/\/cborsplus.de\/HP2020\/wp-content\/uploads\/2025\/04\/1000068524-495x400.jpg\" title='1000068524' alt='' srcset=\"https:\/\/cborsplus.de\/HP2020\/wp-content\/uploads\/2025\/04\/1000068524-495x400.jpg 495w, https:\/\/cborsplus.de\/HP2020\/wp-content\/uploads\/2025\/04\/1000068524-845x684.jpg 845w\" sizes=\"auto, (max-width: 495px) 100vw, 495px\" \/><\/div><\/a><a href=\"https:\/\/cborsplus.de\/HP2020\/wp-content\/uploads\/2022\/03\/1.jpg\" data-srcset=\"https:\/\/cborsplus.de\/HP2020\/wp-content\/uploads\/2022\/03\/1.jpg 580w, https:\/\/cborsplus.de\/HP2020\/wp-content\/uploads\/2022\/03\/1-300x200.jpg 300w, https:\/\/cborsplus.de\/HP2020\/wp-content\/uploads\/2022\/03\/1-450x299.jpg 450w\" data-sizes=\"(max-width: 580px) 100vw, 580px\" data-rel='gallery-1' data-prev-img='https:\/\/cborsplus.de\/HP2020\/wp-content\/uploads\/2022\/03\/1-495x386.jpg' class='lightbox ' data-onclick='2' title='1'  itemprop=\"thumbnailUrl\"  ><img decoding=\"async\" class=\"wp-image-1790 avia-img-lazy-loading-not-1790\"   src=\"https:\/\/cborsplus.de\/HP2020\/wp-content\/uploads\/2022\/03\/1-495x386.jpg\" width=\"495\" height=\"386\"  title='1' alt='' \/><div class='big-prev-fake'><img loading=\"lazy\" decoding=\"async\" class=\"wp-image-1790 avia-img-lazy-loading-1790\"  width=\"495\" height=\"386\" src=\"https:\/\/cborsplus.de\/HP2020\/wp-content\/uploads\/2022\/03\/1-495x386.jpg\" title='1' alt='' \/><\/div><\/a><a href=\"https:\/\/cborsplus.de\/HP2020\/wp-content\/uploads\/2022\/03\/2.jpg\" data-srcset=\"https:\/\/cborsplus.de\/HP2020\/wp-content\/uploads\/2022\/03\/2.jpg 993w, https:\/\/cborsplus.de\/HP2020\/wp-content\/uploads\/2022\/03\/2-300x169.jpg 300w, https:\/\/cborsplus.de\/HP2020\/wp-content\/uploads\/2022\/03\/2-768x432.jpg 768w, https:\/\/cborsplus.de\/HP2020\/wp-content\/uploads\/2022\/03\/2-705x396.jpg 705w, https:\/\/cborsplus.de\/HP2020\/wp-content\/uploads\/2022\/03\/2-450x253.jpg 450w\" data-sizes=\"(max-width: 993px) 100vw, 993px\" data-rel='gallery-1' data-prev-img='https:\/\/cborsplus.de\/HP2020\/wp-content\/uploads\/2022\/03\/2-495x400.jpg' class='lightbox ' data-onclick='3' title='2'  itemprop=\"thumbnailUrl\"  ><img decoding=\"async\" class=\"wp-image-1791 avia-img-lazy-loading-not-1791\"   src=\"https:\/\/cborsplus.de\/HP2020\/wp-content\/uploads\/2022\/03\/2-495x400.jpg\" width=\"495\" height=\"400\"  title='2' alt='' \/><div class='big-prev-fake'><img loading=\"lazy\" decoding=\"async\" class=\"wp-image-1791 avia-img-lazy-loading-1791\"  width=\"495\" height=\"400\" src=\"https:\/\/cborsplus.de\/HP2020\/wp-content\/uploads\/2022\/03\/2-495x400.jpg\" title='2' alt='' \/><\/div><\/a><a href=\"https:\/\/cborsplus.de\/HP2020\/wp-content\/uploads\/2022\/03\/3.jpg\" data-srcset=\"https:\/\/cborsplus.de\/HP2020\/wp-content\/uploads\/2022\/03\/3.jpg 666w, https:\/\/cborsplus.de\/HP2020\/wp-content\/uploads\/2022\/03\/3-300x200.jpg 300w, https:\/\/cborsplus.de\/HP2020\/wp-content\/uploads\/2022\/03\/3-450x300.jpg 450w\" data-sizes=\"(max-width: 666px) 100vw, 666px\" data-rel='gallery-1' data-prev-img='https:\/\/cborsplus.de\/HP2020\/wp-content\/uploads\/2022\/03\/3-495x400.jpg' class='lightbox ' data-onclick='4' title='3'  itemprop=\"thumbnailUrl\"  ><img decoding=\"async\" class=\"wp-image-1792 avia-img-lazy-loading-not-1792\"   src=\"https:\/\/cborsplus.de\/HP2020\/wp-content\/uploads\/2022\/03\/3-495x400.jpg\" width=\"495\" height=\"400\"  title='3' alt='' \/><div class='big-prev-fake'><img loading=\"lazy\" decoding=\"async\" class=\"wp-image-1792 avia-img-lazy-loading-1792\"  width=\"495\" height=\"400\" src=\"https:\/\/cborsplus.de\/HP2020\/wp-content\/uploads\/2022\/03\/3-495x400.jpg\" title='3' alt='' \/><\/div><\/a><a href=\"https:\/\/cborsplus.de\/HP2020\/wp-content\/uploads\/2022\/03\/4.jpg\" data-rel='gallery-1' data-prev-img='https:\/\/cborsplus.de\/HP2020\/wp-content\/uploads\/2022\/03\/4.jpg' class='lightbox ' data-onclick='5' title='4'  itemprop=\"thumbnailUrl\"  ><img decoding=\"async\" class=\"wp-image-1793 avia-img-lazy-loading-not-1793\"   src=\"https:\/\/cborsplus.de\/HP2020\/wp-content\/uploads\/2022\/03\/4.jpg\" width=\"300\" height=\"168\"  title='4' alt='' \/><div class='big-prev-fake'><img loading=\"lazy\" decoding=\"async\" class=\"wp-image-1793 avia-img-lazy-loading-1793\"  width=\"300\" height=\"168\" src=\"https:\/\/cborsplus.de\/HP2020\/wp-content\/uploads\/2022\/03\/4.jpg\" title='4' alt='' \/><\/div><\/a><a href=\"https:\/\/cborsplus.de\/HP2020\/wp-content\/uploads\/2022\/03\/5.jpg\" data-srcset=\"https:\/\/cborsplus.de\/HP2020\/wp-content\/uploads\/2022\/03\/5.jpg 599w, https:\/\/cborsplus.de\/HP2020\/wp-content\/uploads\/2022\/03\/5-300x169.jpg 300w, https:\/\/cborsplus.de\/HP2020\/wp-content\/uploads\/2022\/03\/5-450x253.jpg 450w\" data-sizes=\"(max-width: 599px) 100vw, 599px\" data-rel='gallery-1' data-prev-img='https:\/\/cborsplus.de\/HP2020\/wp-content\/uploads\/2022\/03\/5-495x337.jpg' class='first_thumb lightbox ' data-onclick='6' title='5'  itemprop=\"thumbnailUrl\"  ><img decoding=\"async\" class=\"wp-image-1794 avia-img-lazy-loading-not-1794\"   src=\"https:\/\/cborsplus.de\/HP2020\/wp-content\/uploads\/2022\/03\/5-495x337.jpg\" width=\"495\" height=\"337\"  title='5' alt='' \/><div class='big-prev-fake'><img loading=\"lazy\" decoding=\"async\" class=\"wp-image-1794 avia-img-lazy-loading-1794\"  width=\"495\" height=\"337\" src=\"https:\/\/cborsplus.de\/HP2020\/wp-content\/uploads\/2022\/03\/5-495x337.jpg\" title='5' alt='' \/><\/div><\/a><a href=\"https:\/\/cborsplus.de\/HP2020\/wp-content\/uploads\/2022\/03\/6.jpg\" data-srcset=\"https:\/\/cborsplus.de\/HP2020\/wp-content\/uploads\/2022\/03\/6.jpg 669w, https:\/\/cborsplus.de\/HP2020\/wp-content\/uploads\/2022\/03\/6-300x225.jpg 300w, https:\/\/cborsplus.de\/HP2020\/wp-content\/uploads\/2022\/03\/6-450x337.jpg 450w\" data-sizes=\"(max-width: 669px) 100vw, 669px\" data-rel='gallery-1' data-prev-img='https:\/\/cborsplus.de\/HP2020\/wp-content\/uploads\/2022\/03\/6-495x400.jpg' class='lightbox ' data-onclick='7' title='6'  itemprop=\"thumbnailUrl\"  ><img decoding=\"async\" class=\"wp-image-1795 avia-img-lazy-loading-not-1795\"   src=\"https:\/\/cborsplus.de\/HP2020\/wp-content\/uploads\/2022\/03\/6-495x400.jpg\" width=\"495\" height=\"400\"  title='6' alt='' \/><div class='big-prev-fake'><img loading=\"lazy\" decoding=\"async\" class=\"wp-image-1795 avia-img-lazy-loading-1795\"  width=\"495\" height=\"400\" src=\"https:\/\/cborsplus.de\/HP2020\/wp-content\/uploads\/2022\/03\/6-495x400.jpg\" title='6' alt='' \/><\/div><\/a><a href=\"https:\/\/cborsplus.de\/HP2020\/wp-content\/uploads\/2022\/03\/7.jpg\" data-srcset=\"https:\/\/cborsplus.de\/HP2020\/wp-content\/uploads\/2022\/03\/7.jpg 789w, https:\/\/cborsplus.de\/HP2020\/wp-content\/uploads\/2022\/03\/7-300x225.jpg 300w, https:\/\/cborsplus.de\/HP2020\/wp-content\/uploads\/2022\/03\/7-768x576.jpg 768w, https:\/\/cborsplus.de\/HP2020\/wp-content\/uploads\/2022\/03\/7-705x529.jpg 705w, https:\/\/cborsplus.de\/HP2020\/wp-content\/uploads\/2022\/03\/7-450x338.jpg 450w\" data-sizes=\"(max-width: 789px) 100vw, 789px\" data-rel='gallery-1' data-prev-img='https:\/\/cborsplus.de\/HP2020\/wp-content\/uploads\/2022\/03\/7-495x400.jpg' class='lightbox ' data-onclick='8' title='7'  itemprop=\"thumbnailUrl\"  ><img decoding=\"async\" class=\"wp-image-1796 avia-img-lazy-loading-not-1796\"   src=\"https:\/\/cborsplus.de\/HP2020\/wp-content\/uploads\/2022\/03\/7-495x400.jpg\" width=\"495\" height=\"400\"  title='7' alt='' \/><div class='big-prev-fake'><img loading=\"lazy\" decoding=\"async\" class=\"wp-image-1796 avia-img-lazy-loading-1796\"  width=\"495\" height=\"400\" src=\"https:\/\/cborsplus.de\/HP2020\/wp-content\/uploads\/2022\/03\/7-495x400.jpg\" title='7' alt='' \/><\/div><\/a><\/div><\/div><\/div>\n\n<style type=\"text\/css\" data-created_by=\"avia_inline_auto\" id=\"style-css-av-iifdnh-884efe90ae23a521d0dc9bf150281a14\">\n.flex_column.av-iifdnh-884efe90ae23a521d0dc9bf150281a14{\n-webkit-border-radius:0px 0px 0px 0px;\n-moz-border-radius:0px 0px 0px 0px;\nborder-radius:0px 0px 0px 0px;\npadding:0px 0px 0px 0px;\n}\n<\/style>\n<div  class='flex_column av-iifdnh-884efe90ae23a521d0dc9bf150281a14 av_three_fifth  avia-builder-el-4  el_after_av_two_fifth  el_before_av_one_full  flex_column_div av-zero-column-padding  column-top-margin'     ><p>\n<style type=\"text\/css\" data-created_by=\"avia_inline_auto\" id=\"style-css-av-hbwlml-cf5e1110b7c7c9465fb824c5a12c950c\">\n#top .av-special-heading.av-hbwlml-cf5e1110b7c7c9465fb824c5a12c950c{\npadding-bottom:10px;\n}\nbody .av-special-heading.av-hbwlml-cf5e1110b7c7c9465fb824c5a12c950c .av-special-heading-tag .heading-char{\nfont-size:25px;\n}\n.av-special-heading.av-hbwlml-cf5e1110b7c7c9465fb824c5a12c950c .av-subheading{\nfont-size:15px;\n}\n<\/style>\n<div  class='av-special-heading av-hbwlml-cf5e1110b7c7c9465fb824c5a12c950c av-special-heading-h5 blockquote modern-quote modern-centered  avia-builder-el-5  el_before_av_textblock  avia-builder-el-first '><h5 class='av-special-heading-tag'  itemprop=\"headline\"  >Der F\u00f6rderverein unterst\u00fctzt seit 40 Jahren die Schule und die Sch\u00fcler.<\/h5><div class=\"special-heading-border\"><div class=\"special-heading-inner-border\"><\/div><\/div><\/div><br \/>\n<section  class='av_textblock_section av-g2p5nx-8fc201aba6bbaa11532abc513ba3c118 '   itemscope=\"itemscope\" itemtype=\"https:\/\/schema.org\/CreativeWork\" ><div class='avia_textblock'  itemprop=\"text\" ><ul>\n<li>B\u00fccher, ein Motorroller, N\u00e4hmaschinen und ein Boot wurden f\u00fcr die Schule gekauft<\/li>\n<li>Klassenfahrten, Abschlussfahrten, der Sch\u00fcleraustausch, die Segelfreizeit und Ausfl\u00fcge wer-den finanziell unterst\u00fctzt.<br \/>\nZus\u00e4tzlich gibt es Unterst\u00fctzung f\u00fcr sozial benachteiligte Familien.<\/li>\n<li>Bei Veranstaltungen der Schule (Projekttage, Schulfest, Einschulung, Sportfest, Besuch des Planetariums) hilft der F\u00f6rderverein und erm\u00f6glicht den Sch\u00fclern neue Erfahrungen.<\/li>\n<\/ul>\n<div dir=\"auto\"><\/div>\n<div dir=\"auto\">Vorstand des F\u00f6rdervereins 2025<\/div>\n<ol start=\"1\" data-editing-info=\"{\">\n<li>\n<div dir=\"auto\">Vorsitzende: Anke Theisen<\/div>\n<\/li>\n<li>\n<div dir=\"auto\">Vorsitzende: Karin Sayin<\/div>\n<\/li>\n<li>\n<div dir=\"auto\">Schriftf\u00fchrer: Peter Normann<\/div>\n<\/li>\n<li>\n<div dir=\"auto\">Kassenwartin: Nicole Wei\u00df Urbach<\/div>\n<\/li>\n<li>\n<div dir=\"auto\">Beisitzerin Christine Kamp<\/div>\n<\/li>\n<\/ol>\n<div dir=\"auto\">Direkte Ansprechperson und weitere Infos \u00fcber Anke Theisen<\/div>\n<div dir=\"auto\">Theisen@cbors.de<\/div>\n<div dir=\"auto\"><\/div>\n<\/div><\/section><\/p><\/div>\n\n<style type=\"text\/css\" data-created_by=\"avia_inline_auto\" id=\"style-css-av-drgz0d-b8a93ea5b2f84cca7fffeab19c0fa6ea\">\n.flex_column.av-drgz0d-b8a93ea5b2f84cca7fffeab19c0fa6ea{\n-webkit-border-radius:0px 0px 0px 0px;\n-moz-border-radius:0px 0px 0px 0px;\nborder-radius:0px 0px 0px 0px;\npadding:0px 0px 0px 0px;\n}\n<\/style>\n<div  class='flex_column av-drgz0d-b8a93ea5b2f84cca7fffeab19c0fa6ea av_one_full  avia-builder-el-7  el_after_av_three_fifth  el_before_av_one_third  first flex_column_div av-zero-column-padding  '     ><style type=\"text\/css\" data-created_by=\"avia_inline_auto\" id=\"style-css-av-d2yk19-2eaf2ec4788537c7e71a077f268c9ef1\">\n#top .av-special-heading.av-d2yk19-2eaf2ec4788537c7e71a077f268c9ef1{\npadding-bottom:10px;\ncolor:#b02b2c;\n}\nbody .av-special-heading.av-d2yk19-2eaf2ec4788537c7e71a077f268c9ef1 .av-special-heading-tag .heading-char{\nfont-size:25px;\n}\n.av-special-heading.av-d2yk19-2eaf2ec4788537c7e71a077f268c9ef1 .special-heading-inner-border{\nborder-color:#b02b2c;\n}\n.av-special-heading.av-d2yk19-2eaf2ec4788537c7e71a077f268c9ef1 .av-subheading{\nfont-size:15px;\n}\n<\/style>\n<div  class='av-special-heading av-d2yk19-2eaf2ec4788537c7e71a077f268c9ef1 av-special-heading-h4 custom-color-heading blockquote modern-quote modern-centered  avia-builder-el-8  avia-builder-el-no-sibling '><h4 class='av-special-heading-tag'  itemprop=\"headline\"  >F\u00fcr nur 12 Euro (Mindestbeitrag im Jahr) k\u00f6nnen auch Sie die Schule und alle ihre Sch\u00fcler unterst\u00fctzen. Werden Sie heute noch Mitglied und helfen uns!<\/h4><div class=\"special-heading-border\"><div class=\"special-heading-inner-border\"><\/div><\/div><\/div><\/div>\n\n<style type=\"text\/css\" data-created_by=\"avia_inline_auto\" id=\"style-css-av-ajbilp-1b3cf2a96456c742bb1a5efb86c47f03\">\n.flex_column.av-ajbilp-1b3cf2a96456c742bb1a5efb86c47f03{\n-webkit-border-radius:0px 0px 0px 0px;\n-moz-border-radius:0px 0px 0px 0px;\nborder-radius:0px 0px 0px 0px;\npadding:0px 0px 0px 0px;\n}\n<\/style>\n<div  class='flex_column av-ajbilp-1b3cf2a96456c742bb1a5efb86c47f03 av_one_third  avia-builder-el-9  el_after_av_one_full  el_before_av_one_third  first flex_column_div av-zero-column-padding  column-top-margin'     ><article  class='iconbox iconbox_top av-9jbv31-17d2133156992355f732679c3baeacc3  avia-builder-el-10  avia-builder-el-no-sibling  main_color'  itemscope=\"itemscope\" itemtype=\"https:\/\/schema.org\/CreativeWork\" ><div class=\"iconbox_content\"><header class=\"entry-content-header\"><div class=\"iconbox_icon heading-color\" aria-hidden='true' data-av_icon='\ue836' data-av_iconfont='entypo-fontello'><\/div><h3 class='iconbox_content_title '  itemprop=\"headline\" >Beitrittserkl\u00e4rung<\/h3><\/header><div class='iconbox_content_container '  itemprop=\"text\" ><p><a href=\"https:\/\/cborsplus.de\/HP2020\/wp-content\/uploads\/2025\/08\/Beitrittserklaerung-zum-Foerderkreis-der-CBORS-plus_17.08.25.pdf\">Beitrittserkla\u0308rung zum Fo\u0308rderkreis der CBORS+<\/a><\/p>\n<\/div><\/div><footer class=\"entry-footer\"><\/footer><\/article><\/div>\n<style type=\"text\/css\" data-created_by=\"avia_inline_auto\" id=\"style-css-av-rbmbx-d032d17addac92ca2b86428016d86111\">\n.flex_column.av-rbmbx-d032d17addac92ca2b86428016d86111{\n-webkit-border-radius:0px 0px 0px 0px;\n-moz-border-radius:0px 0px 0px 0px;\nborder-radius:0px 0px 0px 0px;\npadding:0px 0px 0px 0px;\n}\n<\/style>\n<div  class='flex_column av-rbmbx-d032d17addac92ca2b86428016d86111 av_one_third  avia-builder-el-11  el_after_av_one_third  avia-builder-el-last  flex_column_div av-zero-column-padding  column-top-margin'     ><article  class='iconbox iconbox_top av-626z5p-cdc1e6278439cea0bbe8aaefa6d249b8  avia-builder-el-12  avia-builder-el-no-sibling  main_color'  itemscope=\"itemscope\" itemtype=\"https:\/\/schema.org\/CreativeWork\" ><div class=\"iconbox_content\"><header class=\"entry-content-header\"><div class=\"iconbox_icon heading-color\" aria-hidden='true' data-av_icon='\ue849' data-av_iconfont='entypo-fontello'><\/div><h3 class='iconbox_content_title '  itemprop=\"headline\" >Datenschutzerkl\u00e4rung<\/h3><\/header><div class='iconbox_content_container '  itemprop=\"text\" ><p><a href=\"https:\/\/cborsplus.de\/HP2020\/wp-content\/uploads\/2025\/08\/Informationen-zum-Datenschutz_2025.pdf\">Datenschutzerkl\u00e4rung<\/a><\/p>\n<\/div><\/div><footer class=\"entry-footer\"><\/footer><\/article><\/div><\/p>\n","protected":false},"excerpt":{"rendered":"","protected":false},"author":1,"featured_media":0,"parent":0,"menu_order":0,"comment_status":"closed","ping_status":"closed","template":"","meta":{"footnotes":""},"class_list":["post-1789","page","type-page","status-publish","hentry"],"_links":{"self":[{"href":"https:\/\/cborsplus.de\/HP2020\/wp-json\/wp\/v2\/pages\/1789","targetHints":{"allow":["GET"]}}],"collection":[{"href":"https:\/\/cborsplus.de\/HP2020\/wp-json\/wp\/v2\/pages"}],"about":[{"href":"https:\/\/cborsplus.de\/HP2020\/wp-json\/wp\/v2\/types\/page"}],"author":[{"embeddable":true,"href":"https:\/\/cborsplus.de\/HP2020\/wp-json\/wp\/v2\/users\/1"}],"replies":[{"embeddable":true,"href":"https:\/\/cborsplus.de\/HP2020\/wp-json\/wp\/v2\/comments?post=1789"}],"version-history":[{"count":6,"href":"https:\/\/cborsplus.de\/HP2020\/wp-json\/wp\/v2\/pages\/1789\/revisions"}],"predecessor-version":[{"id":2868,"href":"https:\/\/cborsplus.de\/HP2020\/wp-json\/wp\/v2\/pages\/1789\/revisions\/2868"}],"wp:attachment":[{"href":"https:\/\/cborsplus.de\/HP2020\/wp-json\/wp\/v2\/media?parent=1789"}],"curies":[{"name":"wp","href":"https:\/\/api.w.org\/{rel}","templated":true}]}}